{"id":734,"date":"2020-11-12T11:36:10","date_gmt":"2020-11-12T11:36:10","guid":{"rendered":"https:\/\/demo.keonthemes.com\/gutener\/demo13\/?page_id=6"},"modified":"2022-08-11T10:46:36","modified_gmt":"2022-08-11T08:46:36","slug":"oferta","status":"publish","type":"page","link":"https:\/\/blachdom-tech.pl\/modulowe\/oferta\/","title":{"rendered":"Oferta"},"content":{"rendered":"\n<section id=\"gmfee52c8\" class=\"wp-block-gutentor-m3 section-gmfee52c8 gutentor-module gutentor-container-cover has-image-bg has-custom-bg has-gutentor-overlay\"><div class=\"grid-container\">\n<div id=\"section-g2de808\" class=\"wp-block-gutentor-e1 section-g2de808 gutentor-element gutentor-element-advanced-text text-align-center-desktop text-align-center-tablet text-align-center-mobile\"><div class=\"gutentor-text-wrap\"><h2 class=\"gutentor-text\">Oferta<\/h2><\/div><\/div>\n<\/div><\/section>\n\n\n\n<section id=\"section-136d0549-2673-4020-9055-b7a2941cc88b\" class=\"wp-block-gutentor-divider section-136d0549-2673-4020-9055-b7a2941cc88b gutentor-element gutentor-section gutentor-divider text-center\"><div class=\"grid-container\"><div class=\"gutentor-divider-box\"><span><svg xmlns=\"http:\/\/www.w3.org\/2000\/svg\" viewBox=\"0 0 240 40\" preserveAspectRatio=\"none\"><path d=\"M56.2 20c5.3-.1 10.6-.2 16-.3l16-.2c10.6-.1 21.3-.1 31.9-.2 10.6.1 21.3 0 31.9.1l16 .2c5.3.1 10.6.2 16 .3-5.3.1-10.6.2-16 .3l-16 .2c-10.6.1-21.3.1-31.9.1-10.6-.1-21.3 0-31.9-.2l-16-.2c-5.4.1-10.7 0-16-.1z\"><\/path><\/svg><\/span><\/div><\/div><\/section>\n\n\n\n<section id=\"gme13b58a\" class=\"wp-block-gutentor-m2 section-gme13b58a gutentor-module gutentor-dynamic-columns front-columns\"><div class=\"grid-container\"><div class=\"grid-row\">\n<div id=\"col-gm8b6e4c\" class=\"wp-block-gutentor-m2-col col-gm8b6e4c gutentor-module gutentor-dynamic-single-column grid-lg-4 grid-md-4 grid-12\"><div id=\"section-gm8b6e4c\" class=\"section-gm8b6e4c gutentor-single-col has-image-bg has-custom-bg has-gutentor-overlay\">\n<div id=\"section-gf6952d\" class=\"wp-block-gutentor-e1 section-gf6952d gutentor-element gutentor-element-advanced-text enable-title-design text-align-left-desktop text-align-left-tablet text-align-left-mobile\"><div class=\"gutentor-text-wrap divider-left\"><div class=\"gutentor-separator gutentor-separator-before border-solid\"><\/div><span class=\"gutentor-text\">Blachdom<\/span><\/div><\/div>\n\n\n\n<div id=\"section-gf2bca6\" class=\"wp-block-gutentor-e1 section-gf2bca6 gutentor-element gutentor-element-advanced-text text-align-left-desktop text-align-left-tablet text-align-left-mobile\"><div class=\"gutentor-text-wrap\"><h3 class=\"gutentor-text\">Kontenery biurowe, budowlane, socjalne<\/h3><\/div><\/div>\n\n\n\n<div id=\"section-gdbb1ed\" class=\"wp-block-gutentor-e0 section-gdbb1ed gutentor-element gutentor-element-advanced-text text-align-left-desktop text-align-left-tablet text-align-left-mobile\"><div class=\"gutentor-text-wrap\"><p class=\"gutentor-text\">Nasze kontenery s\u0105 bezpieczne i trwa\u0142e. Maj\u0105 wiele zastosowa\u0144&#8230; <\/p><\/div><\/div>\n\n\n\n<div id=\"section-gd6d695\" class=\"wp-block-gutentor-e2 section-gd6d695 gutentor-element gutentor-element-button button-align-left-desktop button-align-left-tablet button-align-left-mobile\"><span class=\"gutentor-button-wrap\"><a class=\"gutentor-button gutentor-block-button gutentor-icon-hide\" href=\"https:\/\/blachdom-tech.pl\/modulowe\/kontenery-biurowe\/\"><i class=\"gutentor-button-icon fas fa-book\"><\/i><span>Wi\u0119cej informacji<\/span><\/a><\/span><\/div>\n<\/div><\/div>\n\n\n\n<div id=\"col-gm569be1\" class=\"wp-block-gutentor-m2-col col-gm569be1 gutentor-module gutentor-dynamic-single-column grid-lg-4 grid-md-4 grid-12\"><div id=\"section-gm569be1\" class=\"section-gm569be1 gutentor-single-col has-image-bg has-custom-bg has-gutentor-overlay\">\n<div id=\"section-g0079be\" class=\"wp-block-gutentor-e1 section-g0079be gutentor-element gutentor-element-advanced-text enable-title-design text-align-left-desktop text-align-left-tablet text-align-left-mobile\"><div class=\"gutentor-text-wrap divider-left\"><div class=\"gutentor-separator gutentor-separator-before border-solid\"><\/div><span class=\"gutentor-text\">Blachdom<\/span><\/div><\/div>\n\n\n\n<div id=\"section-g6cf404\" class=\"wp-block-gutentor-e1 section-g6cf404 gutentor-element gutentor-element-advanced-text text-align-left-desktop text-align-left-tablet text-align-left-mobile\"><div class=\"gutentor-text-wrap\"><h3 class=\"gutentor-text\">Carport fotowoltaiczny<\/h3><\/div><\/div>\n\n\n\n<div id=\"section-gad3f4b\" class=\"wp-block-gutentor-e0 section-gad3f4b gutentor-element gutentor-element-advanced-text text-align-left-desktop text-align-left-tablet text-align-left-mobile\"><div class=\"gutentor-text-wrap\"><p class=\"gutentor-text\">Carport fotowoltaiczny to po\u0142\u0105czenie wiaty samochodowej i solar\u00f3w.<\/p><\/div><\/div>\n\n\n\n<div id=\"section-g678d82\" class=\"wp-block-gutentor-e2 section-g678d82 gutentor-element gutentor-element-button button-align-left-desktop button-align-left-tablet button-align-left-mobile\"><span class=\"gutentor-button-wrap\"><a class=\"gutentor-button gutentor-block-button gutentor-icon-hide\" href=\"https:\/\/blachdom-tech.pl\/modulowe\/carport-fotowoltaiczny\/\"><i class=\"gutentor-button-icon fas fa-book\"><\/i><span>Wi\u0119cej informacji<\/span><\/a><\/span><\/div>\n<\/div><\/div>\n\n\n\n<div id=\"col-gm676b5a\" class=\"wp-block-gutentor-m2-col col-gm676b5a gutentor-module gutentor-dynamic-single-column grid-lg-4 grid-md-4 grid-12\"><div id=\"section-gm676b5a\" class=\"section-gm676b5a gutentor-single-col has-image-bg has-custom-bg has-gutentor-overlay\">\n<div id=\"section-gf43eaa\" class=\"wp-block-gutentor-e1 section-gf43eaa gutentor-element gutentor-element-advanced-text enable-title-design text-align-left-desktop text-align-left-tablet text-align-left-mobile\"><div class=\"gutentor-text-wrap divider-left\"><div class=\"gutentor-separator gutentor-separator-before border-solid\"><\/div><span class=\"gutentor-text\">Blachdom<\/span><\/div><\/div>\n\n\n\n<div id=\"section-gbb5669\" class=\"wp-block-gutentor-e1 section-gbb5669 gutentor-element gutentor-element-advanced-text text-align-left-desktop text-align-left-tablet text-align-left-mobile\"><div class=\"gutentor-text-wrap\"><h3 class=\"gutentor-text\">Mobilny dom modu\u0142owy<\/h3><\/div><\/div>\n\n\n\n<div id=\"section-ge49739\" class=\"wp-block-gutentor-e0 section-ge49739 gutentor-element gutentor-element-advanced-text text-align-left-desktop text-align-left-tablet text-align-left-mobile\"><div class=\"gutentor-text-wrap\"><p class=\"gutentor-text\">Dom Modu\u0142owy powstaje w naszej fabryce i jako pojedynczy, gotowy element zostaje przetransportowany do klienta.<\/p><\/div><\/div>\n\n\n\n<div id=\"section-g74cb91\" class=\"wp-block-gutentor-e2 section-g74cb91 gutentor-element gutentor-element-button button-align-left-desktop button-align-left-tablet button-align-left-mobile\"><span class=\"gutentor-button-wrap\"><a class=\"gutentor-button gutentor-block-button gutentor-icon-hide\" href=\"https:\/\/blachdom-tech.pl\/modulowe\/dom-modulowy\/\"><i class=\"gutentor-button-icon fas fa-book\"><\/i><span>Wi\u0119cej informacji<\/span><\/a><\/span><\/div>\n<\/div><\/div>\n\n\n\n<div id=\"col-gm147623\" class=\"wp-block-gutentor-m2-col col-gm147623 gutentor-module gutentor-dynamic-single-column grid-lg-4 grid-md-4 grid-12\"><div id=\"section-gm147623\" class=\"section-gm147623 gutentor-single-col has-image-bg has-custom-bg has-gutentor-overlay\">\n<div id=\"section-g3f796d\" class=\"wp-block-gutentor-e1 section-g3f796d gutentor-element gutentor-element-advanced-text enable-title-design text-align-left-desktop text-align-left-tablet text-align-left-mobile\"><div class=\"gutentor-text-wrap divider-left\"><div class=\"gutentor-separator gutentor-separator-before border-solid\"><\/div><span class=\"gutentor-text\">Blachdom<\/span><\/div><\/div>\n\n\n\n<div id=\"section-g39fc8a\" class=\"wp-block-gutentor-e1 section-g39fc8a gutentor-element gutentor-element-advanced-text text-align-left-desktop text-align-left-tablet text-align-left-mobile\"><div class=\"gutentor-text-wrap\"><h3 class=\"gutentor-text\">Nowoczesny grill<\/h3><\/div><\/div>\n\n\n\n<div id=\"section-g602ce9\" class=\"wp-block-gutentor-e0 section-g602ce9 gutentor-element gutentor-element-advanced-text text-align-left-desktop text-align-left-tablet text-align-left-mobile\"><div class=\"gutentor-text-wrap\"><p class=\"gutentor-text\">BGRILLS to nowy styl sp\u0119dzania wolnego czasu w szerokim gronie rodziny i w\u015br\u00f3d znajomych.zak\u0142adach pracy, czy parkingach. <\/p><\/div><\/div>\n\n\n\n<div id=\"section-g805b1f\" class=\"wp-block-gutentor-e2 section-g805b1f gutentor-element gutentor-element-button button-align-left-desktop button-align-left-tablet button-align-left-mobile\"><span class=\"gutentor-button-wrap\"><a class=\"gutentor-button gutentor-block-button gutentor-icon-hide\" href=\"https:\/\/blachdom-tech.pl\/modulowe\/bgrills\/\"><i class=\"gutentor-button-icon fas fa-book\"><\/i><span>Wi\u0119cej informacji<\/span><\/a><\/span><\/div>\n<\/div><\/div>\n\n\n\n<div id=\"col-gmd5a78f\" class=\"wp-block-gutentor-m2-col col-gmd5a78f gutentor-module gutentor-dynamic-single-column grid-lg-4 grid-md-4 grid-12\"><div id=\"section-gmd5a78f\" class=\"section-gmd5a78f gutentor-single-col has-image-bg has-custom-bg has-gutentor-overlay\">\n<div id=\"section-g78b9a2\" class=\"wp-block-gutentor-e1 section-g78b9a2 gutentor-element gutentor-element-advanced-text enable-title-design text-align-left-desktop text-align-left-tablet text-align-left-mobile\"><div class=\"gutentor-text-wrap divider-left\"><div class=\"gutentor-separator gutentor-separator-before border-solid\"><\/div><span class=\"gutentor-text\">Blachdom<\/span><\/div><\/div>\n\n\n\n<div id=\"section-g702f77\" class=\"wp-block-gutentor-e1 section-g702f77 gutentor-element gutentor-element-advanced-text text-align-left-desktop text-align-left-tablet text-align-left-mobile\"><div class=\"gutentor-text-wrap\"><h3 class=\"gutentor-text\">Gastronomia<\/h3><\/div><\/div>\n\n\n\n<div id=\"section-g5f9974\" class=\"wp-block-gutentor-e0 section-g5f9974 gutentor-element gutentor-element-advanced-text text-align-left-desktop text-align-left-tablet text-align-left-mobile\"><div class=\"gutentor-text-wrap\"><p class=\"gutentor-text\">Kontenery, przyczepy gastronomiczne, sto\u0142y, stoliki kawowe<\/p><\/div><\/div>\n\n\n\n<div id=\"section-ga5ee9e\" class=\"wp-block-gutentor-e2 section-ga5ee9e gutentor-element gutentor-element-button button-align-left-desktop button-align-left-tablet button-align-left-mobile\"><span class=\"gutentor-button-wrap\"><a class=\"gutentor-button gutentor-block-button gutentor-icon-hide\" href=\"https:\/\/blachdom-tech.pl\/modulowe\/gastronomia\/\"><i class=\"gutentor-button-icon fas fa-book\"><\/i><span>Wi\u0119cej informacji<\/span><\/a><\/span><\/div>\n<\/div><\/div>\n<\/div><\/div><\/section>\n\n\n\n<section id=\"gm0a15476\" class=\"wp-block-gutentor-m3 section-gm0a15476 gutentor-module gutentor-container-cover\"><div class=\"grid-container\">\n<section id=\"gm09da488\" class=\"wp-block-gutentor-m4 section-gm09da488 gutentor-module gutentor-advanced-columns has-color-bg has-custom-bg g-pos-r-desktop g-pos-r-tablet g-pos-r-mobile gutentor-equal-column-height\"><div class=\"grid-container\"><div class=\"grid-row\">\n<div id=\"col-gm470a29\" class=\"wp-block-gutentor-m4-col col-gm470a29 gutentor-single-column  grid-lg-4 grid-md-4 grid-12 gutentor-rm-col-space\"><div id=\"section-gm470a29\" class=\"section-gm470a29 gutentor-col-wrap\">\n<div id=\"section-g00a48e\" class=\"wp-block-gutentor-e6 section-g00a48e gutentor-element gutentor-element-image g-pos-a-desktop g-pos-a-tablet g-pos-d-mobile g-pos-custom-desktop g-pos-custom-tablet text-align-left-desktop text-align-left-tablet text-align-center-mobile\"><div class=\"gutentor-element-image-box\"><div class=\"gutentor-image-thumb\"><img decoding=\"async\" class=\"normal-image\" src=\"https:\/\/blachdom-tech.pl\/modulowe\/wp-content\/uploads\/2021\/05\/logo.png\" alt=\"Budownictwo Modu\u0142owe - BlachDom\"\/><\/div><\/div><\/div>\n<\/div><\/div>\n\n\n\n<div id=\"col-gm46b2b3\" class=\"wp-block-gutentor-m4-col col-gm46b2b3 gutentor-single-column  grid-lg-8 grid-md-8 grid-12 gutentor-rm-col-space\"><div id=\"section-gm46b2b3\" class=\"section-gm46b2b3 gutentor-col-wrap has-image-bg has-custom-bg\">\n<div id=\"section-gfb0618\" class=\"wp-block-gutentor-e1 section-gfb0618 gutentor-element gutentor-element-advanced-text enable-title-design text-align-center-desktop text-align-center-tablet text-align-center-mobile\"><div class=\"gutentor-text-wrap divider-left-right\"><div class=\"gutentor-separator gutentor-separator-before border-solid\"><\/div><span class=\"gutentor-text\">Sprwad\u017a nasz\u0105 ofert\u0119<\/span><div class=\"gutentor-separator gutentor-separator-after border-solid\"><\/div><\/div><\/div>\n\n\n\n<div id=\"section-g6218f4\" class=\"wp-block-gutentor-e1 section-g6218f4 gutentor-element gutentor-element-advanced-text text-align-center-desktop text-align-center-tablet text-align-center-mobile\"><div class=\"gutentor-text-wrap\"><h2 class=\"gutentor-text\">Skontkatuj si\u0119 z nami!<\/h2><\/div><\/div>\n\n\n\n<div id=\"section-gd80694\" class=\"wp-block-gutentor-e2 section-gd80694 gutentor-element gutentor-element-button button-align-center-desktop button-align-center-tablet button-align-center-mobile\"><span class=\"gutentor-button-wrap\"><a class=\"gutentor-button gutentor-block-button gutentor-icon-hide\" href=\"#\"><i class=\"gutentor-button-icon fas fa-book\"><\/i><span>ZADZWO\u0143<\/span><\/a><\/span><\/div>\n<\/div><\/div>\n<\/div><\/div><\/section>\n<\/div><\/section>\n\n\n\n<section id=\"gmb0ca0d2\" class=\"wp-block-gutentor-m3 section-gmb0ca0d2 gutentor-module gutentor-container-cover\"><div class=\"grid-container\"><\/div><\/section>\n","protected":false},"excerpt":{"rendered":"","protected":false},"author":1,"featured_media":0,"parent":0,"menu_order":0,"comment_status":"closed","ping_status":"closed","template":"template-gutentor-full-width.php","meta":{"footnotes":""},"class_list":["post-734","page","type-page","status-publish","hentry"],"_links":{"self":[{"href":"https:\/\/blachdom-tech.pl\/modulowe\/wp-json\/wp\/v2\/pages\/734","targetHints":{"allow":["GET"]}}],"collection":[{"href":"https:\/\/blachdom-tech.pl\/modulowe\/wp-json\/wp\/v2\/pages"}],"about":[{"href":"https:\/\/blachdom-tech.pl\/modulowe\/wp-json\/wp\/v2\/types\/page"}],"author":[{"embeddable":true,"href":"https:\/\/blachdom-tech.pl\/modulowe\/wp-json\/wp\/v2\/users\/1"}],"replies":[{"embeddable":true,"href":"https:\/\/blachdom-tech.pl\/modulowe\/wp-json\/wp\/v2\/comments?post=734"}],"version-history":[{"count":21,"href":"https:\/\/blachdom-tech.pl\/modulowe\/wp-json\/wp\/v2\/pages\/734\/revisions"}],"predecessor-version":[{"id":1240,"href":"https:\/\/blachdom-tech.pl\/modulowe\/wp-json\/wp\/v2\/pages\/734\/revisions\/1240"}],"wp:attachment":[{"href":"https:\/\/blachdom-tech.pl\/modulowe\/wp-json\/wp\/v2\/media?parent=734"}],"curies":[{"name":"wp","href":"https:\/\/api.w.org\/{rel}","templated":true}]}}